at is the ten millions digit of 1958107939?
5
What is the hundreds digit of 892308952?
9
What is the hundreds digit of 27111725?
7
What is the tens digit of 64474004?
0
What is the tens digit of 50082274?
7
What is the hundred thousands digit of 936563398?
5
What is the hundred millions digit of 905034475?
9
What is the ten millions digit of 193563385?
9
What is the hundred thousands digit of 2043386207?
3
What is the units digit of 333089800?
0
What is the ten millions digit of 705926777?
0
What is the thousands digit of 206566857?
6
What is the tens digit of 48176171?
7
What is the thousands digit of 3463115036?
5
What is the units digit of 79428340?
0
What is the tens digit of 346356067?
6
What is the hundreds digit of 166258006?
0
What is the hundred thousands digit of 3202121511?
1
What is the thousands digit of 104744171?
4
What is the hundreds digit of 3840264565?
5
What is the units digit of 5890953?
3
What is the units digit of 73310848?
8
What is the ten thousands digit of 74488517?
8
What is the ten millions digit of 61076690?
6
What is the ten millions digit of 2027368830?
2
What is the ten millions digit of 530987601?
3
What is the ten thousands digit of 2468412?
6
What is the tens digit of 1881454943?
4
What is the hundreds digit of 670631120?
1
What is the hundred thousands digit of 33904590?
9
What is the hundred millions digit of 319306473?
3
What is the thousands digit of 1321654516?
4
What is the billions digit of 3306026207?
3
What is the hundred thousands digit of 90757747?
7
What is the hundred millions digit of 1659352636?
6
What is the hundreds digit of 304642561?
5
What is the thousands digit of 173862226?
2
What is the units digit of 61224057?
7
What is the hundred millions digit of 2313786547?
3
What is the units digit of 68677914?
4
What is the millions digit of 2630826?
2
What is the hundred thousands digit of 6659872862?
8
What is the hundred thousands digit of 8147079?
1
What is the millions digit of 1615822702?
5
What is the tens digit of 92347542?
4
What is the thousands digit of 316548363?
8
What is the thousands digit of 6495039?
5
What is the tens digit of 1761480227?
2
What is the hundreds digit of 53760156?
1
What is the thousands digit of 21113005?
3
What is the ten millions digit of 1893969644?
9
What is the thousands digit of 55442805?
2
What is the units digit of 22024107?
7
What is the ten millions digit of 1255340179?
5
What is the hundred thousands digit of 959919?
9
What is the hundred thousands digit of 46401342?
4
What is the hundred millions digit of 1175499218?
1
What is the millions digit of 90599096?
0
What is the ten millions digit of 867651158?
6
What is the hundreds digit of 2638628?
6
What is the thousands digit of 360202874?
2
What is the ten millions digit of 409706944?
0
What is the ten millions digit of 308810479?
0
What is the hundreds digit of 82528118?
1
What is the thousands digit of 293354112?
4
What is the thousands digit of 1514275446?
5
What is the tens digit of 951503942?
4
What is the ten millions digit of 681239964?
8
What is the hundreds digit of 71021368?
3
What is the tens digit of 155540596?
9
What is the millions digit of 270055841?
0
What is the hundred thousands digit of 53711809?
7
What is the ten thousands digit of 93948020?
4
What is the hundreds digit of 2242061243?
2
What is the ten thousands digit of 197988313?
8
What is the hundred thousands digit of 73466752?
4
What is the ten millions digit of 70556110?
7
What is the hundreds digit of 2036327238?
2
What is the thousands digit of 3993592461?
2
What is the hundred thousands digit of 4012423125?
4
What is the tens digit of 41296550?
5
What is the ten thousands digit of 4241897478?
9
What is the hundreds digit of 1307665802?
8
What is the ten thousands digit of 282659738?
5
What is the millions digit of 47147228?
7
What is the tens digit of 2812877802?
0
What is the ten millions digit of 37449114?
3
What is the ten thousands digit of 113201937?
0
What is the hundreds digit of 134275325?
3
What is the hundred millions digit of 106008499?
1
What is the thousands digit of 94226818?
6
What is the ten thousands digit of 504719277?
1
What is the billions digit of 5088250194?
5
What is the ten millions digit of 37980355?
3
What is the hundreds digit of 79256252?
2
What is the millions digit of 113376009?
3
What is the ten thousands digit of 1977568211?
6
What is the hundred thousands digit of 41046409?
0
What is the hundred millions digit of 338569206?
3
What is the units digit of 3074439326?
6
What is the millions digit of 1125504738?
5
What is the tens digit of 153205359?
5
What is the thousands digit of 5064279585?
9
What is the ten millions digit of 77016593?
7
What is the thousands digit of 78465462?
5
What is the hundreds digit of 67816223?
2
What is the units digit of 3670570646?
6
What is the hundred thousands digit of 22402134?
4
What is the ten thousands digit of 85692523?
9
What is the hundreds digit of 484054679?
6
What is the ten thousands digit of 33406966?
0
What is the hundreds digit of 382445052?
0
What is the hundred millions digit of 1428478545?
4
What is the ten thousands digit of 23431731?
3
What is the ten thousands digit of 28915437?
1
What is the tens digit of 1027046578?
7
What is the thousands digit of 45934512?
4
What is the hundred thousands digit of 408658707?
6
What is the ten millions digit of 9240143675?
4
What is the ten thousands digit of 35585993?
8
What is the ten thousands digit of 3031187621?
8
What is the millions digit of 98048760?
8
What is the millions digit of 4243039765?
3
What is the millions digit of 25608732?
5
What is the millions digit of 313609734?
3
What is the units digit of 399056589?
9
What is the hundreds digit of 58172404?
4
What is the millions digit of 934950208?
4
What is the ten thousands digit of 484733744?
3
What is the ten millions digit of 64052811?
6
What is the hundred thousands digit of 1593701450?
7
What is the ten millions digit of 386755035?
8
What is the units digit of 120965063?
3
What is the units digit of 26092787?
7
What is the hundred thousands digit of 83725805?
7
What is the hundred thousands digit of 173936565?
9
What is the ten millions digit of 33192365?
3
What is the thousands digit of 381151173?
1
What is the ten millions digit of 95639817?
9
What is the units digit of 25785693?
3
What is the units digit of 72029903?
3
What is the units digit of 229878721?
1
What is the hundred thousands digit of 1282523123?
5
What is the hundred millions digit of 4485919505?
4
What is the millions digit of 102880165?
2
What is the thousands digit of 356870464?
0
What is the hundred millions digit of 206576801?
2
What is the thousands digit of 276385785?
5
What is the millions digit of 54206557?
4
What is the ten thousands digit of 60336853?
3
What is the ten millions digit of 204926624?
0
What is the units digit of 31072927?
7
What is the ten thousands digit of 190849292?
4
What is the millions digit of 866574039?
6
What is the hundred thousands digit of 49093408?
0
What is the ten millions digit of 600373199?
0
What is the hundred millions digit of 529465746?
5
What is the hundred millions digit of 4819013632?
8
What is the tens digit of 3953664778?
7
What is the hundred thousands digit of 558839910?
8
What is the units digit of 28077526?
6
What is the units digit of 26921711?
1
What is the ten millions digit of 1107672052?
0
What is the ten millions digit of 417307431?
1
What is the units digit of 11147436?
6
What is the ten thousands digit of 1187230181?
3
What is the ten thousands digit of 2448177013?
7
What is the ten millions digit of 584400362?
8
What is the tens digit of 69498158?
5
What is the ten thousands digit of 64050003?
5
What is the ten millions digit of 43591033?
4
What is the ten thousands digit of 89431835?
3
What is the units digit of 467917262?
2
What is the millions digit of 552656736?
2
What is the hundred thousands digit of 776388650?
3
What is the hundred thousands digit of 38429690?
4
What is the tens digit of 36845896?
9
What is the ten millions digit of 666606966?
6
What is the tens digit of 193937644?
4
What is the ten thousands digit of 2226807756?
0
What is the thousands digit of 300970944?
0
What is the ten thousands